o(-4).
15
Let f(p) = -p - 1. Suppose -2 = -k - 8. Let i be f(k). Suppose 4*h = -3 - i. Let c(y) = y + 1. Determine c(h).
-1
Let y(n) = -n**2 - 4*n - 4. Suppose -11*k + 15*k = -12. Determine y(k).
-1
Let j(r) = 7*r - 5. Let w(d) = 29*d - 21. Let t(y) = 9*j(y) - 2*w(y). Let v = -2 - -4. Suppose 0 = -v*u - 3*u + 10. Determine t(u).
7
Let r(d) = -d**3 + 8*d**2 - 8*d + 10. Let j be r(7). Let l(n) = 3 + j + 4*n - 2 - 3 - n**2. Give l(4).
1
Let n = -15 - -19. Suppose 0 = 5*a - 5*h - 45, a + n*a - 2*h - 30 = 0. Let t(r) = r - 1. What is t(a)?
3
Let x(d) = 2*d + 2. Let m be x(3). Let r(l) = 2*l**2 + 7*l**3 + 0*l**3 - m*l**3. What is r(2)?
0
Let x(f) be the first derivative of -f**2 + 1/6*f**3 - 1/20*f**5 + 0*f + 2 + 0*f**4. Let a(r) be the second derivative of x(r). Give a(1).
-2
Suppose 3*s = 8*s - 25. Suppose -2*h - 2*i = -18, h - i - i = 3. Suppose -h = s*c + 18. Let q(g) = -g**2 - 6*g - 2. Determine q(c).
3
Let v = -15 + 21. Suppose 0 = 5*s - v*s. Let l(i) = i**3 + i**2 + i + 3. Give l(s).
3
Let b(c) = 27 - 3*c - 20 - 11. Calculate b(-6).
14
Suppose 0 = -5*f + 5*c + 35, 5*c + 2 = -f - 15. Let r(b) = 4*b + 2*b - 8*b - f. What is r(-4)?
5
Let b(w) be the second derivative of -5*w**3/6 - 3*w + 3. Let z be (-1)/((-1)/(2 - 1)). Give b(z).
-5
Suppose -2 = -5*o + 8. Let c = -4 - o. Let t be 3/((-9)/c) - 2. Let k(v) = v**3 + v**2 - 4. Determine k(t).
-4
Suppose 2*y + 14 - 2 = 0. Let b(x) be the third derivative of x**5/60 + 5*x**4/24 - 7*x**3/6 - 17*x**2. Determine b(y).
-1
Let u(t) = -11*t**3 + 3*t**2 - 21*t + 17. Let j be (-6)/(-2) + -1 + 2. Let v(l) = -5*l**3 + 2*l**2 - 10*l + 8. Let r(p) = j*u(p) - 9*v(p). Give r(5).
1
Let f(o) be the third derivative of o**4/12 - o**3/3 + o**2. Let x be (-2)/(-8) + ((-165)/20)/(-3). Give f(x).
4
Let v(q) = q**3 - 5*q**2 - 7*q + 8. Let b = 0 + 6. Calculate v(b).
2
Let j be (-20)/6*(-6)/5. Let z(g) = -g**2 + j*g - 3 - 2*g - 3*g. Suppose 3*k = -k. Give z(k).
-3
Suppose 3*b - b + 10 = 0. Let g be -4*b*(-2)/8. Let i(c) = -2 + 46*c**2 + 3*c - 4*c**3 - 40*c**2 + 5*c**3. Determine i(g).
8
Let u(g) = g**3 + 2*g**2 - 2*g + 1. Let q be 85/(-25) - (3 + 17/(-5)). Give u(q).
-2
Let t(f) = -4*f - 5. Let o(j) = -7*j - 11. Let n(b) = 3*o(b) - 5*t(b). Let s = -5 - -5. Calculate n(s).
-8
Let a(q) = -3*q**3 - 4 + 4*q**2 + 4*q**3 + 0*q**3 + 2*q**2. Determine a(-6).
-4
Let y(m) = -m - 1. Let p(s) = -3*s - 4. Let z be (-1*(-11)/1)/1. Let x(o) = z*y(o) - 4*p(o). Suppose -6*u = -u. Determine x(u).
5
Let c(o) = -o**2 + o + 1. Suppose p + 2*p - 6 = 0. Determine c(p).
-1
Let g be 2/(-6) + 2/6. Let v(l) = -l**2 - 8. Calculate v(g).
-8
Suppose -5 = 4*q - 5*c, c + 0 = 1. Let g(h) = h + 4. What is g(q)?
4
Let r(y) be the second derivative of -y**7/840 - y**6/720 - y**4/6 + 2*y. Let g(j) be the third derivative of r(j). Give g(-1).
-2
Let a(d) = -5*d. Let y = 12 + -13. What is a(y)?
5
Let t(i) = -6*i**3 - i**2 - i - 5. Let v(q) = q**3 + 1. Let r(x) = t(x) + 5*v(x). What is r(2)?
-14
Let y = -5 - -6. Let d(q) = 8*q. What is d(y)?
8
Let a be -3 - (12 - (0 + -2)). Let t = a - -14. Let g(p) = -4*p - 4. What is g(t)?
8
Let b(t) be the third derivative of -t**6/90 + t**5/60 - t**4/24 + t**3/3 + t**2. Let w(u) be the first derivative of b(u). Calculate w(1).
-3
Let l be 3/6 + (-2)/(-4). Let v(p) = 2*p + p**2 + 0*p - p - l - 2*p. Determine v(-2).
5
Let x(w) = 11*w. Let u(f) = -5*f. Let k(p) = 13*u(p) + 6*x(p). Give k(-5).
-5
Let b(g) be the first derivative of g**4/4 - 5*g**3/3 - 7*g**2/2 + 2*g - 25. Give b(6).
-4
Suppose -5*v = 3*k - 15, 5*k + 5*v = -0*v + 15. Suppose 3*i + 2 = -n, -6 = -k*i + 4*i + 2*n. Let j(w) = 6*w. What is j(i)?
6
Let l(v) = -v + 2. Suppose 2*j + j = 9. Let h(x) = 2*x. Let c be h(j). Let o = 1 - c. Determine l(o).
7
Let m(t) = -t - 1. Let p(g) = 4*g - 3. Let a(u) = -3*m(u) - p(u). Let k(d) = -d + 5. Let h(v) = 5*a(v) - 6*k(v). Calculate h(-1).
-1
Let a(x) = -x + 2. Let j be a(4). Let g be j/(1*(1 + -2)). Let c(m) be the third derivative of m**5/60 - m**4/24 + m**3/6 + m**2. Calculate c(g).
3
Let z(m) = -2*m - 1. Let q(s) = 3*s + 1. Let x(n) = 3*q(n) + 4*z(n). Suppose 0 = v + 3*v - 16. Suppose 0 = v*l, 0 = -3*a + 3*l - 3 - 6. Give x(a).
-4
Let t(m) = -m**2 - 2*m - 4. Let i(p) = 3*p - 16. Let b be i(7). Suppose 1 = b*r + 21. What is t(r)?
-12
Let x(k) = k**2 - 5*k + 1. Let h be 3/1 + 0/2. Let y be -5 + 4 + h*2. Determine x(y).
1
Let x be (-16)/(-3) + (-3)/9. Let n(t) = t**2 - 5*t - 3. Calculate n(x).
-3
Let z(g) = -10*g**3 - 2*g**2 + 2*g - 1. Let w(s) = s**3 + 5*s**2 + 5*s + 2. Let r be w(-4). Let j be (-1)/r*(0 + 2). Give z(j).
-11
Suppose 0*v = 2*v. Let m(k) be the second derivative of -k**7/840 - k**5/120 - k**4/12 - k**3/6 - k. Let s(f) be the second derivative of m(f). Calculate s(v).
-2
Let x(n) = -n**2 - 4*n - 4. Suppose -18 + 2 = 4*b. What is x(b)?
-4
Let z(l) = -4*l - 5. Let c(p) = 3*p + 4. Let s(x) = 3*c(x) + 2*z(x). Give s(6).
8
Suppose -10 = -5*d + 5. Let r(p) = p - 3. What is r(d)?
0
Let g(d) = d**2 - d. Let b be g(2). Let c = 3 + b. Let o(p) = p**3 - 5*p**2 - p - 2. Determine o(c).
-7
Suppose 5*c - c = -16, -z - 9 = 3*c. Suppose 0 = z*k + 1 + 8. Let o(b) = b**3 + 3*b**2 + 2*b - 3. What is o(k)?
-9
Let p(h) = -h - 1. Suppose -v + 24 = -4*u, -u + 1 = 2*v - 2. Determine p(u).
4
Let l(o) = -o**3 + 3*o + 2. Let t = 2 - 0. Suppose -2*s + 3*s = -4. Let k = t + s. What is l(k)?
4
Let s(b) be the second derivative of 1/20*b**5 + 8*b - 1/2*b**3 - 1/6*b**4 + b**2 + 0. What is s(3)?
2
Let v(b) = -b**3 + 6*b**2 + 8*b - 1. Suppose -5*x + 6 = -29. What is v(x)?
6
Suppose 4 + 2 = 3*a. Let x(s) = 6*s - 3*s + 7 - a*s**2 - 4*s**2 - 1 + s**3. Give x(5).
-4
Let u(n) = n. Let i(g) = -5*g - 6. Let b(o) = -i(o) - 4*u(o). What is b(5)?
11
Let d = -1 + 2. Let w(y) = -y**2 - 4*y + 2. Let m(o) = -2*o + 1. Let k(x) = -5*m(x) + 2*w(x). Determine k(d).
-1
Let y(a) = -1 - 4*a - a**2 + 0*a + 9*a. Give y(5).
-1
Let p(k) be the first derivative of k**3/3 - k**2/2 - 3*k - 6. Calculate p(0).
-3
Suppose u - 4 = -s - 0, 5*u - 20 = 0. Let i(r) = -r**2 + 4*r - 5. Let q(k) = k**2 - 5*k + 5. Let g(t) = -5*i(t) - 4*q(t). Give g(s).
5
Let a(c) be the third derivative of -1/3*c**3 + 0 + 1/15*c**5 + 6*c**2 - 1/120*c**6 + 0*c + 1/8*c**4. Give a(4).
10
Let h(k) = k**3 - 5*k**2 + 2. Let z be h(5). Let n(b) = -27*b + 2*b**z - 4*b**2 + 27*b. Suppose 3*m + 5 - 2 = 0. What is n(m)?
-2
Let k(i) = -i**2 - 3*i + 1. Suppose -2*n + 2*l = 10, 3*n + 5*l - 4*l + 7 = 0. Calculate k(n).
1
Let i(h) = -6*h**2. Let t = 8 + -11. Let c = t + 5. Suppose g - c = -g. Calculate i(g).
-6
Let r(v) = -v**3 - 3*v**2 - 2*v - 4. Let l be r(-3). Let y(o) = 0*o**l + 4*o - 2*o**2 - 3*o. What is y(2)?
-6
Suppose 3*d + 6 = -0*d. Let w(i) = i - 5. Let y be w(8). Let s(o) = 2*o**2 + 2 + 4*o + 0*o + 13*o**3 - 12*o**y. Determine s(d).
-6
Let a(v) be the first derivative of -v**2/2 + 1. Let z be -9 + 3 - (-2 + -2). Give a(z).
2
Let x(b) = -3 - 1166*b + 5*b**2 + 1165*b + b**3 + 0. What is x(-5)?
2
Let d(b) be the second derivative of -b**4/12 - 4*b**3/3 - 3*b**2/2 - 2*b. Let k(p) = -3*p**2 - 7*p - 5. Let r be k(-2). Calculate d(r).
12
Let g(q) = q**3 - 7*q**2 - 3*q + 4. Let b(f) = -f**3 + 6*f**2 + 2*f - 3. Let d(a) = 3*b(a) + 2*g(a). Determine d(3).
8
Suppose -5*w + 8 = 23. Let j be (8 + w)*(0 + 1). Let l(t) = 3*t**2 - t**2 + 5*t + 2*t**2 - t**3 - 4. What is l(j)?
-4
Let u be (-4)/(-8)*4/6. Let o(i) be the first derivative of 0*i**2 + u*i**3 + 8*i + 1. Give o(0).
8
Let j(s) be the second derivative of -s**5/20 - s**4/4 - s**3/6 + s. Let i = -2 - 1. Calculate j(i).
3
Let y be 0 + 2 - -3 - 2. Let d(k) = -1 + 3*k**2 + 2 + k**3 + k**2 + 2*k - y. Let x(z) = z**3 + 3*z**2 - 5*z - 6. Let h be x(-4). Give d(h).
2
Let w(a) = -a**3 + 6*a**2 - 5*a - 5. Let l(o) be the second derivative of -o**3/6 - o**2 + 4*o. Let p be l(-7). What is w(p)?
-5
Let n(d) = d**2 + 2. Let c be 2 + (-11 - -6) + 12/2. Give n(c).
11
Let q(b) = -4 + 2 + 3*b**2 - 5*b + 0*b**2. Let f(d) = d**2 + d + 1. Suppose 0 = -2*a - 2*w + 16, 5*a + 2*w - 20 - 5 = 0. Let k(n) = a*f(n) + q(n). What is k(1)?
5
Let f(n) = -n - 1. Suppose -5*i + 34 = 4*g, 3*g = -2*g - 4*i + 38. Determine f(g).
-7
Let b(u) = u - 9. Let m(r) = -4*r**3 - r**2 - r + 1. Let p be m(1). Let t(f) = f - 9. Let d be (-1)/((12/4)/(-12)). Let z(l) = d*t(l) + p*b(l). Determine z(4).
5
Let s(